mposite number?
False
Suppose -h + 20 = 19. Suppose -442 = 5*o + 923. Is h*4/((-12)/o) composite?
True
Suppose 0*m + n = 5*m - 785, 0 = 3*m - 3*n - 459. Is m prime?
False
Let o(x) = 2*x**3 - x**2 + x. Let z be o(1). Suppose 2*i - 53 = -3*g + 4*i, 3*i = -z*g + 44. Is g a composite number?
False
Let a(f) = 5*f - 12. Let m(b) = -4*b + 11. Let k(i) = 3*a(i) + 4*m(i). Is k(-6) prime?
False
Let j(y) = y + 6. Let a be j(-9). Let t = -1 - a. Suppose 84 = t*m + 34. Is m a composite number?
True
Let x be (152 - 3) + (0 - 0). Suppose 33 + x = 5*j + o, j + 3*o - 28 = 0. Is j a prime number?
True
Suppose -5*t = -6*t + 109. Is t a prime number?
True
Let f(q) = 3*q**3 - 6*q**2 - 2*q - 6. Is f(5) a prime number?
False
Let k(v) = -v + 6. Let y be k(0). Let b be (3/y)/((-2)/104). Is (-2)/(12/b)*3 a composite number?
False
Suppose 2*j + 7 = 3*j. Let l = 20 - j. Is l a prime number?
True
Let y(x) = 2*x**2 - x + 87. Is y(0) prime?
False
Suppose -4*l = y - 26, -3*y - 5*l - 130 = -8*y. Is y a composite number?
True
Let h be (-5)/(-2)*(-12)/(-15). Suppose n + h*n + 2*w = 83, -2*n = -4*w - 82. Is n prime?
True
Let v(b) = 30*b**2 + 1. Let s be v(-1). Suppose y - 6 = s. Let u = y + -22. Is u composite?
True
Let w = -5 - -10. Suppose 72 + 13 = 5*n - w*l, -3*l = 2*n - 54. Is n prime?
False
Suppose k = 3*k - n - 411, 0 = -5*k - 3*n + 1022. Is k a prime number?
False
Suppose 0 = -5*x + 512 - 27. Suppose -2*v - 3*v + w + x = 0, 0 = 5*w + 10. Is v a prime number?
True
Is -1270*2/(-4) - 4 composite?
False
Suppose -c + 0*c + 47 = 0. Suppose 2*p - c = p. Is p a prime number?
True
Let n = 15 - 38. Let r = n - -57. Is r a prime number?
False
Let t(z) = z + 7. Is t(12) a composite number?
False
Let o be 2/8 - 2/8. Let i(r) = r + 7. Let u be i(-4). Suppose -143 = -5*x - o*v + 3*v, -101 = -u*x - 2*v. Is x composite?
False
Let j(v) = 16*v**2 - v + 5. Suppose 2*s = -0*s + 8. Is j(s) a composite number?
False
Suppose -6*i + 8826 = -0*i. Is i prime?
True
Suppose 3*s - 45 = 33. Suppose -f + a + 10 = 0, -3*f = -4*a + 2*a - s. Is f prime?
False
Suppose -6*d + 1278 + 8088 = 0. Is d a composite number?
True
Let k be (-3)/2*60/(-9). Let p(g) = 3*g**3 + g**2 - 1. Let b be p(1). Is b/15 + 148/k composite?
True
Let r be 12/((4/(-10))/(-1)). Suppose 0 = 3*f + r - 81. Suppose 4*z = -4*o + 48, 2*o = -z + 6 + f. Is o a prime number?
True
Suppose -3*t - 2*t + 45 = 0. Is (-2)/(-6) + 2004/t a prime number?
True
Let o be 6/(-21) - (-1171)/7. Let b = 36 + o. Is b composite?
True
Let c(x) = 178*x + 1. Is c(1) prime?
True
Let u(o) = o**3 + 7*o**2 + 5*o - 6. Let q be u(-6). Let v be (q*2/6)/(-2). Suppose -5*w + 5*h + 175 = -v*h, 0 = -2*w + 5*h + 73. Is w composite?
True
Let w(u) be the third derivative of -u**4/24 - 2*u**3/3 + u**2. Let v be w(-5). Is v*-1*(-1 - 30) a composite number?
False
Suppose 2*z + 3 = z. Let p(r) = -r**3 - 2*r**2 + r - 1. Let n be p(z). Suppose -n*v + 160 - 20 = -5*m, 0 = v + 3*m - 48. Is v prime?
False
Is (134/8)/(15/300) a prime number?
False
Suppose -6*j + p - 14 = -3*j, 5*p - 25 = 0. Let a be ((-8)/j)/(2/12). Suppose 75 = w - a. Is w a prime number?
False
Let q = -7 + 12. Suppose q*v - 5*i - 891 = -4*i, -4 = 4*i. Is v a prime number?
False
Let f(s) = -s - 4. Suppose 2*m = -6 - 8. Let n be f(m). Is 1 + (13 - n/(-3)) composite?
True
Let n = 23 + 12. Let y = -20 + n. Is y composite?
True
Let d(n) = -n**2 - 2*n - 6. Let w(m) = -4*m**2 - 7*m - 25. Let h(j) = -9*d(j) + 2*w(j). Let l be h(-3). Let a(g) = 128*g - 1. Is a(l) a composite number?
False
Suppose 0 = -7*u + 4*u + 12. Suppose -3*t + 10 = -4*a - 21, -4*a + 60 = u*t. Suppose -71 = -4*x + t. Is x composite?
True
Suppose -2*q + q - 5 = -4*w, -2*q = 2. Is 1/(2*w/130) prime?
False
Let f(i) = i**2 + i + 533. Let k be 2/(-9) - (-10)/45. Let u be f(k). Is u/6 - (-2)/12 prime?
True
Suppose -4*y + 4 = -3*y. Suppose 9*k = y*k + 175. Is k prime?
False
Suppose 5*r - 1218 = -r. Is r a prime number?
False
Let h = 8 + -4. Suppose -4*p = h*t + 8, -p = 3*p - 2*t - 4. Suppose k + 1 = p, 3*f + 2*k - 3*k - 100 = 0. Is f a prime number?
False
Let q(k) = -3*k**3 - 5*k**2 + 2*k + 2. Let s be q(-4). Let v = -21 + s. Is v a composite number?
True
Let t(o) = o + 6. Let d be t(-8). Is (1/1)/(d/(-14)) prime?
True
Let q be 31896/(-14) + 2/7. Is q/(-14) + (-2)/(-7) a prime number?
True
Let k = 4641 - -1708. Is k prime?
False
Let w(b) = -b**2 - 3*b. Suppose 9 = -5*r - 6. Let y be w(r). Is y + -1 - (1 + -85) a composite number?
False
Let f be (-4)/6 + (-3)/9. Let h be (-1)/((-3)/(-27)*f). Is 3 + (h/3 - 2) a composite number?
True
Let o(q) = 11*q**2 - 3. Let w be o(-3). Let p = -45 + w. Is p a composite number?
True
Suppose u + 28 = -3*o + 8*o, -8 = -4*o - 4*u. Is 146/4 + o/10 a composite number?
False
Let w(p) = p**2 + 6*p + 5. Let r be w(-5). Suppose r = -m + 5*o + 47, 3*m + m = 5*o + 113. Is m a composite number?
True
Suppose -4*i + 2*i + 2*z + 2 = 0, 0 = 2*i + 2*z - 6. Suppose -l + i*l = 97. Is l a prime number?
True
Let s(u) = -6 + 7 + 3*u**2 + 2*u**2. Is s(-3) prime?
False
Let c be (-459)/(-12) + 2/(-8). Is c/2*15/5 a prime number?
False
Let r(k) = k**2 + 2*k + 18. Let x(g) = -g - 1. Let o(m) = r(m) - x(m). Is o(-13) composite?
False
Suppose -o + 28 = x, 5*x - 5*o = -o + 113. Is x a composite number?
True
Let x be (52 + -8)*(-1 - -3). Is 7672/x - (-4)/(-22) a composite number?
True
Suppose -4*f = -2*n + 56, 0*f - 2*n = 5*f + 79. Suppose -2*l = -2 + 4. Is l/3 + (-530)/f a composite number?
True
Let k = -105 + 223. Is k prime?
False
Suppose -3*a = -703 + 280. Is a a composite number?
True
Let z(l) = l**3 + l**2 - 4*l - 3. Is z(5) prime?
True
Let j(h) = -12*h - 9. Let y(w) = w**3 + 5*w**2 + 4*w - 4. Let q be y(-4). Is j(q) composite?
True
Let k = 421 + -170. Is k a prime number?
True
Let w(n) = 10*n**2 + 4. Let o be w(-3). Suppose 0 = 10*r - 6*r + 60. Let h = r + o. Is h composite?
False
Let q(v) = -5*v**3 - v**2 + v + 1. Let p be q(-1). Suppose -p*r = -5*k - 33, 3*r + 3*k - 1 + 10 = 0. Is r a prime number?
True
Let g be (-1)/((-2)/(10*-1)). Suppose 2*f - 20 = 3*f. Is f/g*70/8 prime?
False
Let i(m) = -2*m - 8 + 10*m + 3. Let c be i(4). Let x = c - -10. Is x a prime number?
True
Suppose 0 = 4*u - 5*w - 1548, 2*w + 2*w + 1544 = 4*u. Is u a composite number?
True
Is 14 - 10 - (-1926 + -1) composite?
False
Suppose y + 16 = 5*p, 2*y - 24 = -p - 3*p. Suppose -441 = -p*r - 2*a - 59, 0 = -4*r + 4*a + 376. Is r a prime number?
False
Suppose -5*k = x + 219, 4*x = 5*k + 2*x + 207. Let i = -24 - k. Is i a composite number?
False
Let x(f) = 3*f**2 - 2*f + 1. Let j be x(1). Let t(v) = 5*v**j + 6*v - v**3 - 6 + 0*v**3 + 13. Is t(5) a prime number?
True
Suppose -2*r + 9 = 1. Suppose -r*p = p - 615. Is p composite?
True
Let q(v) = v**2 + 4*v - 10. Is q(4) prime?
False
Suppose -m = -2*m. Suppose -17 = -3*j + s, -2*s + 14 = -m*j + 2*j. Suppose j - 178 = -4*a. Is a a composite number?
False
Let m(x) = -7 + 6 - 18 - 22*x. Is m(-8) prime?
True
Suppose 0 = a - 1 + 8. Let i(o) be the second derivative of o**5/20 + o**4/2 - 3*o**3/2 - 4*o**2 - o. Is i(a) composite?
True
Suppose -4*h + 5*o + 32 = 4*o, 0 = 5*o + 20. Let q = -16 + h. Let c = q + 16. Is c a prime number?
True
Suppose -4*j + 70 = 4*y - 170, 0 = -y + j + 50. Is y*(-4)/((-40)/6) prime?
False
Suppose -5*g = 10*g - 59835. Is g a prime number?
True
Let l(o) = -o**3 - 4*o**2 + o + 4. Let x be l(-4). Suppose -2*r = x, 4*y - 5*r = -0*y + 524. Is y composite?
False
Let o(p) = p**3 + 7*p**2 + 6*p + 3. Let x = -9 - -3. Let m be o(x). Suppose -i = -m*i + 30. Is i prime?
False
Suppose v + 4*l - 153 = 0, 0 = -v - 5*l + 184 - 30. Is v prime?
True
Let n be 22/1 + 0 + 0. Let y = n + 4. Is y prime?
False
Suppose 5*m - 204 = 611. Is m a prime number?
True
Let o(k) = -k**2 + 11*k + 2. Let z be o(8). Suppose s - 3*s = -z. Is s a composite number?
False
Let p = 10 - 5. Suppose 5*f - c - 292 - 1174 = 0, p*f = 5*c + 1470. Is f composite?
False
Let u be 3/2*(-8)/6. Let l(b) = 32*b**2 - 2*b + 1. Let x be l(u). Suppose -x - 9 = -2*v. Is v a prime number?
True
Let s = 3 + 0. Let j = -17 + s. Let f = j - -40. Is f prime?
False
Let k(o) = 3*o**2 - 6*o - 10. Is k(21) a composite number?
False
Suppose -75 = q - 6*q. Suppose q + 16 = l. Is l composite?
False
Let b(k) = 16*k**3 - 3*k**2 - 12*k + 2. Is b(5) a prime number?
True
Let d(w) = -2*w**3 - 3*